ommon divisor of t and n.
24
Suppose -115*d + 111*d + 2693 = k, 0 = 5*d + 3*k - 3354. Calculate the highest common factor of 1296 and d.
27
Let v be 9*1 - (-20 + 2373/(-21)). Calculate the highest common factor of v and 142.
142
Let g(p) = -p**2 + 2*p + 1. Let z(k) = 5*k**2 + 42*k + 33. Let v(q) = 3*g(q) + z(q). Let j be v(-25). What is the highest common factor of 43 and j?
43
Let d(n) = 5*n**3 - 4*n**2 - n + 9. Let c be d(3). Suppose 13*f = 18*f - 40. Suppose b + c = f*b. Calculate the greatest common factor of b and 3.
3
Let v be (-4)/(-10) + 146/(-20)*-2. Suppose 47*i = 50*i - v. Let r(t) = -t**2 + 8*t - 11. Let c be r(i). Calculate the highest common factor of c and 2.
2
Let h(k) = -25*k**3 - 2*k**2 - 8*k - 1. Let w be h(-3). Let q(b) = -2*b**3 - 3*b**2 - b + 1. Let t be q(-4). Calculate the greatest common factor of t and w.
85
Let a(b) = 3*b + 13. Let v be a(-3). Suppose 0 = -v*r - 0*r - 8. Let w be 138/4 - r/4. Calculate the greatest common factor of 350 and w.
35
Suppose 4*b - 17*k + 20*k - 175 = 0, 34 = b + 4*k. Let d(x) = x**2 - 6*x + 6. Let h be d(5). What is the greatest common factor of h and b?
1
Let b = 1 + 1. Suppose -x + 47 = r, -r + b*x = -0*r - 50. Let n = -196 + 228. Calculate the highest common factor of r and n.
16
Let c = 156 + -144. Let l(j) = 2*j**3 - 23*j**2 - 9*j - 6. Let o be l(c). Let n be 28 + 0 + -1 + 3. Calculate the highest common divisor of n and o.
30
Let t = 1098 - -9342. Suppose -42*l + 6*l + t = 0. Calculate the highest common divisor of l and 10.
10
Let a be 25/(3224/460 - 7). What is the greatest common divisor of 207 and a?
23
Let i = 63 - -73. Let k = 191 - i. Suppose 15*f = 10*f + k. Calculate the greatest common factor of f and 44.
11
Let u be 38*((-18)/4)/(-3). Let y be (-4564)/(-30) + (-2849)/555 + 5. What is the highest common factor of u and y?
19
Suppose -38*a + 75 = -35*a. Let c = 9 + -33. Let d = c + 249. Calculate the highest common factor of d and a.
25
Let q = 3383 + -3310. Calculate the highest common divisor of q and 511.
73
Let o(m) = 151*m**2 - 264*m + 5763. Let i be o(21). What is the greatest common factor of i and 30?
30
Let y(v) = -23*v + 68. Let g be y(-3). Let m = g - 125. What is the greatest common factor of m and 96?
12
Suppose 4756*r + 756 = 4784*r. What is the greatest common factor of 9927 and r?
9
Suppose -3*y + 2860 = -3*u - 2*u, y + 3*u - 930 = 0. Suppose 67*i + y = 72*i. Calculate the highest common factor of 126 and i.
63
Let m(x) = 23*x**2 - 8*x + 6. Let b be m(1). Suppose 342 = 27*a - b*a. What is the greatest common divisor of 57 and a?
57
Suppose -166 = -y + d, -3*d - 23 = -29. Calculate the greatest common factor of 600 and y.
24
Let f be 114 + -2 + -4 + 0. Suppose 6*z - 12 - f = 0. Suppose 2*m = -8*m + z. What is the highest common factor of 10 and m?
2
Let j = -101 + 318. Suppose -r - 2*m + j = 0, -3*r + 5*m = 4*m - 679. What is the greatest common divisor of 25 and r?
25
Let b(x) = x**2 - 9*x + 14. Let w be b(7). Suppose -3*p - 5 + 104 = w. Suppose 5*f = 5*n + 2 + p, 0 = 5*n. Calculate the greatest common divisor of f and 7.
7
Suppose 5*k + 726*n - 723*n - 100 = 0, 2*k - 14 = 4*n. Let a = 15 + -23. Let g = a + k. Calculate the highest common divisor of 45 and g.
9
Suppose 0 = 4*l - 5*w - 872, -4*l - 5*w = -667 - 125. Calculate the highest common factor of l and 3822.
26
Let o = -4380 - -4489. What is the highest common divisor of 4469 and o?
109
Suppose -54*b - 18 = -q - 51*b, -4*b = 4*q - 56. Calculate the greatest common factor of 915 and q.
15
Let q(h) = -h**2 - 11*h - 15. Suppose 17*z - 9 = 20*z, -2*t - 5*z - 33 = 0. Let p be q(t). What is the highest common factor of 3 and p?
3
Let y be -7*((-79)/21 + 1*(-36)/(-27)). What is the highest common factor of y and 43775?
17
Suppose -2*b = -3*d - 147, -3*b - d + 193 = -0*b. Let i be ((-2151340)/(-5786) - 2/(-11)) + -9. What is the greatest common divisor of i and b?
33
Let q(s) = 2*s**2 - 20*s - 78. Let p(h) = h**2 - 11*h - 38. Let u(t) = 5*p(t) - 2*q(t). Let d be u(-3). Calculate the greatest common factor of d and 180.
20
Let x = 280 - 238. Suppose -5*z - 18 = -q + x, 4*z + 176 = 4*q. Calculate the highest common factor of q and 80.
40
Let a(x) be the second derivative of 2*x**2 + 26*x + 2/3*x**3 - 1/20*x**5 + 1/3*x**4 + 0. Let h be a(-5). Calculate the highest common divisor of 19 and h.
19
Let c be -51 + ((-10)/4 + 2)*0. Let n = 54 + c. Let i be -150*n*(-1)/3. What is the greatest common factor of i and 60?
30
Let f be 3 + 3 - 7220/(1 - 6). Let s be (-194)/(-4) + 57/38. Calculate the highest common factor of s and f.
50
Let l = 68 + 32. What is the greatest common divisor of l and 56?
4
Suppose 4*o + 8 = 0, -15*x + 14*x - 5*o = -27. What is the highest common factor of 16317 and x?
37
Let b be -2 + 11/(55/100). Let g = 30 + 0. Let s be 1614/g - (-1)/5. Calculate the greatest common divisor of b and s.
18
Suppose 4*j = v + 24, 4*j - 8 - 40 = 4*v. Let m be 12/v + (-582)/(-4). Let q be ((-216)/15)/((-128)/320). What is the highest common divisor of q and m?
36
Let h = -99 + 141. Let m be 7944/27 + 4/(-18). What is the highest common divisor of h and m?
42
Let s(l) = 4*l**3 - 4*l**2 + 2*l + 1. Let a be s(2). Let c = 3802 - 3796. What is the greatest common divisor of c and a?
3
Suppose -4*g = 2*b + 2 - 12, -2*b = -4*g - 10. Suppose 0 = -l + 2*w + 278, b*l + 3*w = 99 + 1252. What is the greatest common divisor of l and 68?
68
Suppose 0 = 34*x - 37*x + 51. Suppose -3*n - 10 = 2*n - 2*f, n - 15 = -3*f. Suppose 5*p - 255 = -n*p. Calculate the greatest common factor of x and p.
17
Let a be ((-82)/(-26) - 8/52)*(-14287)/(-471). What is the greatest common divisor of a and 351?
13
Suppose -47*f = 62*f + 356 - 2427. Let m(w) = 5*w**2 - 5*w - 3. Let o be m(4). What is the highest common factor of o and f?
19
Suppose 3*d - 299 = -4*t + 145, 2*t = -4*d + 232. What is the greatest common divisor of t and 768?
12
Let i(b) = 1143*b - 4383. Let j be i(4). Calculate the highest common factor of j and 3654.
63
Let b = 8625 + -7491. What is the highest common factor of b and 405?
81
Suppose 8015 = 5*j - 5*x, 4*j - 36*x = -39*x + 6391. Calculate the greatest common divisor of 30 and j.
10
Suppose 3*y = -4*o + 669 - 45, -832 = -4*y - 3*o. Calculate the highest common divisor of y and 3172.
52
Suppose 10*s - 187 = -30*s + 613. What is the greatest common factor of 1805 and s?
5
Suppose 4*f = -16, -2*f + 284 = 3*y + 46. Let v(p) = -6*p + 160. Let x be v(26). Suppose x*d - 302 - y = 0. What is the highest common divisor of d and 24?
24
Let z = -334 + 867. Let u be 4/90*-3 - (-11820)/900. What is the highest common factor of z and u?
13
Suppose -58*g = -81*g + 287040. Calculate the highest common factor of g and 585.
195
Let d(l) = -97*l**3 - 2*l**2 - 14*l - 16. Let m be d(-4). Calculate the highest common factor of 8 and m.
8
Suppose 6*v + 3*v = 62471 + 13840. Calculate the greatest common factor of 61 and v.
61
Let z(h) = -4*h**3 + 27*h**2 + 117*h - 6. Let d be z(-5). Calculate the greatest common factor of 16 and d.
8
Suppose -20*a + 22*a + 3*y - 24 = 0, -8 = -2*y. Calculate the highest common factor of 3624 and a.
6
Suppose 28 = 6*d + 28. Suppose d = 18*s - 24*s + 12. Suppose s*p - p - 51 = 0. What is the greatest common factor of 34 and p?
17
Let s(q) = q**2 - 2*q - 6. Let i be s(-7). Let g = 141 - i. Calculate the highest common divisor of 96 and g.
12
Let b(t) = -t**3 + 5*t**2 + 4*t + 10. Let r be b(8). Let o = 210 + r. Let z = -46411 - -46426. What is the highest common divisor of z and o?
15
Suppose 5*i - 78 = -i. Suppose 6*r = 1 - i. Let f be (r - -18)*(1 + 0). What is the greatest common factor of 176 and f?
16
Suppose -10*y + 16*y = -3408. Let i = y + 596. Calculate the highest common divisor of 35 and i.
7
Suppose 0 = -2*n + c + 43 - 1, -3*c = -n + 11. Let j(b) = -3*b + 15 + 3*b + 5*b**2 - 7. Let x be j(7). Calculate the highest common divisor of n and x.
23
Let t = 125 + -123. Suppose 2*c - 710 = y + 1827, -5*c - t*y + 6365 = 0. Calculate the highest common divisor of 31 and c.
31
Suppose -115*a + 49 + 2021 = 0. Suppose -5*d + 0*d + 420 = 0. Let u be d/a - (2 + 14/(-6)). What is the greatest common divisor of u and 20?
5
Suppose 3498 = -2*p + 3494, p + 5326 = 4*k. What is the greatest common divisor of k and 110?
11
